+ 1732*q + 6829. Calculate h(-4).
125
Let z(a) = a**2 + 522*a - 29736. What is z(52)?
112
Let a(d) = -2*d**3 + 367*d**2 - 202*d + 3487. Determine a(183).
10
Let y(k) = -k**3 - 75*k + 1851. Give y(0).
1851
Let h(q) = -4832*q - 1077545. Determine h(-223).
-9
Let q(s) = 82*s - 429. Give q(3).
-183
Let t(s) = s**3 + 110*s**2 + 1434*s + 905. Calculate t(-95).
50
Let p(k) = 43*k**2 - 1220*k + 312. Calculate p(26).
-2340
Let b(w) = -10*w**2 + 5652*w - 22440. What is b(4)?
8
Let b(r) = r**2 + 165007*r + 4454464. What is b(-27)?
4
Let o(p) = -20*p**2 - 1953*p + 431. Give o(-98).
-255
Let s(x) = 2*x**3 - 85*x**2 + 466*x - 67. Calculate s(36).
-139
Let l(m) = -m**2 + 526*m - 67815. Determine l(300).
-15
Let w(o) = o**2 - 854*o + 60880. Give w(76).
1752
Let r(p) = -6345*p - 133332. Calculate r(-21).
-87
Let a(i) = i**2 - 8726*i - 52352. What is a(-6)?
40
Let m(o) = -4*o**3 - 50*o**2 - 102*o + 14. What is m(-10)?
34
Let h(m) = -73*m**2 - 286*m - 284. What is h(-1)?
-71
Let j(h) = 521*h + 5193. Give j(-10).
-17
Let f(d) = 2*d**3 - 57*d**2 + 139*d - 3119. Determine f(28).
-11
Let h(q) = -10656*q - 21296. Give h(-2).
16
Let h(q) = 2*q**2 - 950*q + 65090. Give h(83).
18
Let c(v) = -v**2 - 25*v + 9519. What is c(-111)?
-27
Let w(a) = -62*a - 3928. Calculate w(-63).
-22
Let p(f) = 17*f**2 - 613*f - 49657. Determine p(75).
-7
Let h(b) = 3230*b - 49671. Determine h(15).
-1221
Let l(y) = -2790*y + 22137. Give l(8).
-183
Let s(z) = -14*z**2 + 31*z - 1925. What is s(0)?
-1925
Let y(z) = 1779*z**2 - 5353*z - 4. Calculate y(3).
-52
Let n(h) = 8*h**3 + 29*h**2 - 192*h - 872. What is n(-3)?
-251
Let v(q) = 827*q + 8278. Give v(-10).
8
Let p(y) = -y**3 - 44*y**2 + 386*y - 76. Calculate p(7).
127
Let j(i) = 584*i - 76482. Give j(131).
22
Let a(b) = 3*b**3 + 68*b**2 - 1257*b - 7728. Give a(-33).
-6
Let h(d) = -122*d**3 + 2*d**2 - 2*d - 9. What is h(2)?
-981
Let l(a) = -29*a**2 + 1838*a + 2760. Determine l(65).
-295
Let k(r) = r**3 + 466*r**2 + 2766*r + 2777. What is k(-460)?
17
Let f(z) = 2*z**3 - 135*z**2 + 160*z + 2434. Determine f(66).
-74
Let l(q) = q**3 - 4*q**2 - 10046*q + 60205. What is l(6)?
1
Let h(u) = -u**3 + 97*u**2 + 1928*u - 78. Calculate h(-17).
92
Let u(a) = -2*a**3 + 429*a**2 - 178*a - 7362. What is u(214)?
342
Let i(p) = -3*p**3 - 4*p**2 + 181*p + 491. Give i(-5).
-139
Let p(q) = q**2 + 963*q - 35337. Determine p(35).
-407
Let c(p) = -2*p**3 - 28*p**2 + 157*p + 2065. Calculate c(-13).
-314
Let k(z) = z**2 - 213*z + 10642. Give k(98).
-628
Let c(t) = 3441*t + 161723. Give c(-47).
-4
Let z(q) = -q**3 - 69*q**2 - 41*q - 7766. Give z(-70).
4
Let j(f) = 21*f**2 + 55*f - 246. Determine j(5).
554
Let d(k) = k**3 + 23*k**2 - 132*k + 1218. Determine d(-29).
0
Let y(r) = 3*r**3 + 97*r**2 + 338*r + 12. Give y(-4).
20
Let u(p) = p**3 - 85*p**2 + 863*p - 3616. Give u(74).
10
Let i(h) = -h**3 - 344*h**2 + 3041*h + 1190. What is i(9)?
-34
Let p(u) = -4*u + 1194. Determine p(-5).
1214
Let x(r) = -1134*r - 226. Determine x(2).
-2494
Let x(b) = -24*b**2 - 710*b - 565. What is x(-24)?
2651
Let i(d) = 11356*d + 2123572. Calculate i(-187).
0
Let o(t) = 9*t**2 - 217*t + 826. Determine o(4).
102
Let u(p) = 2*p**3 + 28*p**2 + 7*p - 108. Give u(-10).
622
Let n(w) = 9*w**2 - 5772*w + 28879. Give n(5).
244
Let o(z) = -9450*z - 18656. Give o(-2).
244
Let i(v) = -3*v**2 - 641*v + 212. Calculate i(-214).
-2
Let o(j) = -221*j + 8994. Give o(41).
-67
Let x(v) = -v**3 + 47*v**2 - 754*v + 4645. Determine x(23).
-1
Let z(s) = -206*s**2 + 30901*s - 269. Calculate z(150).
-119
Let f(n) = n**3 + 71*n**2 - 741*n - 52626. Determine f(-71).
-15
Let y(c) = c**2 - 51*c - 2821. Determine y(82).
-279
Let i(j) = 62*j**2 - 8180*j - 701. Determine i(132).
-173
Let h(m) = -610*m**2 + 4264*m + 58. Calculate h(7).
16
Let r(d) = -d**3 - 9*d**2 + 936*d + 12683. What is r(-15)?
-7
Let i(t) = -t**2 - 856*t + 6887. Determine i(8).
-25
Let y(k) = -3*k**3 - 4*k**2 - 38*k - 94. What is y(-3)?
65
Let z(n) = -19348*n - 271940. Determine z(-14).
-1068
Let j(l) = 9*l**3 - 1686*l**2 + 2229*l + 506. Calculate j(186).
-52
Let a(w) = -212*w**2 - 17615*w - 565. Determine a(-83).
1012
Let q(f) = -3877*f - 18019. Give q(-5).
1366
Let k(o) = 2159*o + 12984. Give k(-6).
30
Let a(x) = 6088*x - 840122. What is a(138)?
22
Let p(w) = -10*w**2 + 58*w + 36. What is p(6)?
24
Let r(l) = 17*l**2 - 2932*l + 11687. What is r(4)?
231
Let u(d) = -d**3 + 14*d**2 - 24*d + 54. Determine u(12).
54
Let p(a) = -749*a + 42741. Determine p(57).
48
Let b(a) = 25*a**3 - 525*a**2 + 50*a - 1074. Give b(21).
-24
Let v(q) = 12*q**2 - 3106*q - 12634. Determine v(-4).
-18
Let n(i) = 4*i**2 + 208*i + 380. What is n(-48)?
-388
Let l(g) = 236*g**2 + 50265*g - 627. Calculate l(-213).
12
Let f(w) = 567*w - 179156. Calculate f(316).
16
Let u(c) = -2*c**2 - 785*c - 54683. Determine u(-91).
190
Let l(g) = 114*g**2 - 1344*g - 283. Give l(12).
5
Let g(k) = -4306*k - 809512. Calculate g(-188).
16
Let z(n) = 49*n**2 + 3418*n - 7027. Calculate z(2).
5
Let l(d) = -6*d**3 - 10*d**2 - 18*d - 2. What is l(-2)?
42
Let p(z) = 14*z**3 - 472*z + 204. Calculate p(-6).
12
Let q(b) = -2*b**2 + 136*b - 83. Calculate q(69).
-221
Let p(m) = m**2 + 90*m + 640. Calculate p(-23).
-901
Let v(r) = 852*r**2 + 861*r - 26. What is v(-2)?
1660
Let i(h) = -12*h**2 - 817*h + 4361. What is i(-73)?
54
Let x(f) = -1628*f - 206. Determine x(-2).
3050
Let d(n) = 6787*n + 169676. Calculate d(-25).
1
Let v(t) = -59*t**2 + 623*t - 1333. Calculate v(3).
5
Let v(y) = 581186*y - 34289979. Give v(59).
-5
Let u(l) = 69*l**2 + 49278*l + 8573. Give u(-714).
5
Let d(t) = 2*t**2 + 1330*t - 17587. Determine d(13).
41
Let w(y) = y**3 - 551*y**2 + 25972*y - 11969. Determine w(499).
7
Let w(v) = v**3 + 29*v**2 + 206*v - 157. Give w(-14).
-101
Let p(v) = 6*v**2 - 18011*v + 89900. Calculate p(5).
-5
Let o(y) = 2*y**2 + 90397*y - 9. Determine o(0).
-9
Let v(t) = -3*t**2 - 1753*t - 96168. What is v(-523)?
64
Let a(o) = -886*o - 11506. What is a(-13)?
12
Let g(r) = -12*r**2 + 4989*r + 4990. What is g(-1)?
-11
Let z(h) = -25*h + 2792. What is z(44)?
1692
Let t(q) = -1522*q + 10579. Give t(7).
-75
Let k(q) = -1181*q + 9346. Calculate k(8).
-102
Let b(d) = -5*d**2 - 153*d + 746. Give b(-23).
1620
Let v(f) = -5*f**2 + 114*f + 1463. Give v(32).
-9
Let r(f) = f**3 - 18*f**2 + 67*f - 6103. Calculate r(25).
-53
Let s(c) = 2*c**2 - 1483*c + 20397. Calculate s(14).
27
Let n(o) = 21*o**2 - 83*o - 14. Calculate n(-7).
1596
Let v(t) = -57439*t + 1091354. Calculate v(19).
13
Let t(k) = -k**3 + 8*k**2 + 327*k - 540. Give t(22).
-122
Let t(c) = -6*c**2 - 631*c - 2667. Determine t(-89).
5966
Let d(m) = -66*m**2 + 123*m - 32. Calculate d(0).
-32
Let d(j) = j**2 + 459*j + 49529. Calculate d(-277).
-885
Let g(o) = -3*o**3 + 473*o**2 + 177*o - 3027. Determine g(158).
-25
Let t(x) = -23896*x**2 - 95580*x + 9. Give t(-4).
-7
Let b(x) = 989*x - 216591. What is b(219)?
0
Let x(r) = r**3 + 774*r**2 - 8646*r + 26. Determine x(11).
-95
Let g(h) = -1449*h**2 + 24664*h - 524. Calculate g(17).
3
Let g(n) = 14*n**2 - 189*n - 13442. Calculate g(-25).
33
Let t(r) = 8178*r - 220845. Give t(27).
-39
Let m(p) = 8*p**2 - 191*p + 650. Calculate m(3).
149
Let w(j) = 169*j - 7706. What is w(47)?
237
Let p(y) = -4597*y + 298759. Determine p(65).
-46
Let l(j) = 18520*j - 648280. What is l(35)?
-80
Let s(a) = 652*a + 47595. What is s(-73)?
-1
Let l(r) = -2*r**3 - 94*r**2 - 8*r - 4960. Give l(-48).
32
Let m(g) = -126*g + 103. Determine m(-7).
985
Let u(z) = -413*z - 76397. Determine u(-185).
8
Let p(y) = -y**2 + 1883*y + 41916. Calculate p(-22).
6
Let h(x) = x**3 - 6*x**2 - 14686*x + 146451. Give h(10).
-9
Let r(z) = z**3 + 6*z**2 + 4510*z + 36143. Give r(-8).
-65
Let t(s) = 2*s**3 + 424*s**2 - 375*s + 9106. Calculate t(-213).
-1757
Let s(m) = -1172*m + 55079. Give s(47).
-5
Let g(b) = -2*b**2 + 1177*b + 96577. Determine g(-73).
-2
Let h(u) = -u**2 + 33964*u - 407526. What is h(12)?
-102
Let g(r) = 1173*r + 77916. Calculate g(-68).
-1848
Let i(c) = 2*c**3 - 57*c**2 + 267*c + 292. Determine i(22).
-126
Let m(o) = o**2 - 1864323*o - 20507658. What is m(-11)?
16
Let x(i) = 23*i**2 - 3254*i - 5010. What is x(143)?
-5
Let l(o) = -98315*o - 3146078. What is l(-32)?
2
Let w(s) = s**3 + 121*s**2 + 16*s + 1697. Calculate w(-121).
-239
Let c(n) = -9947*n - 129312. Gi